Does 19 divide 11630?
False
Is 22 a factor of 374?
True
Is 35 a factor of 1225?
True
Does 15 divide 75?
True
Is 22 a factor of 6622?
True
Is 27 a factor of 41067?
True
Does 16 divide 17472?
True
Does 37 divide 59?
False
Is 16803 a multiple of 19?
False
Is 1055 a multiple of 7?
False
Is 63 a factor of 2142?
True
Is 20 a factor of 2696?
False
Is 4858 a multiple of 14?
True
Is 77253 a multiple of 29?
False
Is 209 a multiple of 3?
False
Is 6 a factor of 138?
True
Is 15600 a multiple of 208?
True
Does 5 divide 178?
False
Does 21 divide 17163?
False
Does 18 divide 13842?
True
Is 9517 a multiple of 31?
True
Is 15 a factor of 8055?
True
Is 45 a factor of 3195?
True
Is 38 a factor of 877?
False
Is 2325 a multiple of 25?
True
Is 30 a factor of 23790?
True
Does 106 divide 19504?
True
Is 879 a multiple of 21?
False
Does 6 divide 486?
True
Is 31 a factor of 15934?
True
Is 110 a factor of 14029?
False
Does 2 divide 341?
False
Is 26 a factor of 14567?
False
Is 2257 a multiple of 34?
False
Does 20 divide 46040?
True
Does 10 divide 21359?
False
Does 3 divide 10536?
True
Does 48 divide 15936?
True
Is 49 a factor of 5111?
False
Is 264 a multiple of 22?
True
Is 33 a factor of 51975?
True
Does 31 divide 8308?
True
Is 11908 a multiple of 58?
False
Is 37336 a multiple of 52?
True
Is 599 a multiple of 38?
False
Is 15936 a multiple of 96?
True
Is 13 a factor of 10876?
False
Does 22 divide 23293?
False
Is 103244 a multiple of 135?
False
Is 126 a multiple of 6?
True
Does 8 divide 2799?
False
Is 480 a multiple of 16?
True
Does 7 divide 11067?
True
Is 806 a multiple of 13?
True
Is 4538 a multiple of 11?
False
Is 12 a factor of 3012?
True
Is 1218 a multiple of 96?
False
Does 54 divide 18280?
False
Is 4 a factor of 2285?
False
Is 492 a multiple of 9?
False
Does 4 divide 180?
True
Is 27 a factor of 17334?
True
Is 83380 a multiple of 55?
True
Does 110 divide 11784?
False
Does 5 divide 270?
True
Is 7 a factor of 1478?
False
Is 15 a factor of 4515?
True
Does 4 divide 2496?
True
Is 1143 a multiple of 11?
False
Does 11 divide 6106?
False
Is 258 a multiple of 19?
False
Does 6 divide 2418?
True
Is 888 a multiple of 24?
True
Is 34629 a multiple of 17?
True
Does 305 divide 15555?
True
Does 53 divide 26447?
True
Is 32 a factor of 1499?
False
Is 27 a factor of 44669?
False
Is 22572 a multiple of 12?
True
Does 2 divide 3748?
True
Is 22098 a multiple of 174?
True
Is 5467 a multiple of 77?
True
Is 5 a factor of 2895?
True
Does 6 divide 871?
False
Is 41 a factor of 1435?
True
Is 733 a multiple of 5?
False
Does 134 divide 79503?
False
Is 7095 a multiple of 165?
True
Is 288 a factor of 39850?
False
Is 124 a factor of 53196?
True
Is 3114 a multiple of 30?
False
Is 20 a factor of 240?
True
Is 5 a factor of 1680?
True
Is 17 a factor of 36943?
False
Is 16 a factor of 2352?
True
Does 5 divide 23?
False
Is 10850 a multiple of 14?
True
Is 8441 a multiple of 23?
True
Is 93 a multiple of 24?
False
Does 12 divide 703?
False
Is 28 a factor of 38812?
False
Does 16 divide 37?
False
Does 9 divide 171?
True
Is 1833 a multiple of 47?
True
Is 318 a multiple of 24?
False
Is 3 a factor of 89?
False
Does 23 divide 157220?
False
Is 10 a factor of 4682?
False
Does 89 divide 2759?
True
Is 23 a factor of 1150?
True
Is 41 a factor of 369?
True
Is 7 a factor of 456?
False
Is 141 a factor of 20022?
True
Does 11 divide 5687?
True
Does 269 divide 26561?
False
Does 81 divide 7857?
True
Does 205 divide 3690?
True
Is 1059 a multiple of 2?
False
Is 13367 a multiple of 10?
False
Does 5 divide 140?
True
Does 59 divide 8378?
True
Is 6188 a multiple of 14?
True
Is 4752 a multiple of 66?
True
Is 18 a factor of 2516?
False
Is 9 a factor of 20947?
False
Does 122 divide 56852?
True
Is 64 a factor of 350?
False
Is 1953 a multiple of 40?
False
Is 4 a factor of 2064?
True
Is 5634 a multiple of 18?
True
Does 17 divide 119?
True
Does 111 divide 16761?
True
Is 131 a factor of 15532?
False
Does 59 divide 26963?
True
Is 3240 a multiple of 15?
True
Is 148635 a multiple of 135?
True
Does 12 divide 540?
True
Is 283 a multiple of 3?
False
Does 132 divide 1848?
True
Does 82 divide 52781?
False
Is 13565 a multiple of 9?
False
Is 2121 a multiple of 2?
False
Is 8 a factor of 4022?
False
Does 46 divide 1382?
False
Is 5879 a multiple of 60?
False
Is 103416 a multiple of 12?
True
Does 70 divide 72870?
True
Is 53 a factor of 776?
False
Is 689 a multiple of 53?
True
Does 8 divide 483?
False
Does 4 divide 2304?
True
Is 12 a factor of 981?
False
Does 122 divide 3678?
False
Does 24 divide 483?
False
Does 7 divide 106?
False
Is 48 a multiple of 9?
False
Is 65 a multiple of 13?
True
Is 42 a multiple of 7?
True
Is 32 a factor of 992?
True
Does 330 divide 35970?
True
Is 10024 a multiple of 14?
True
Is 65 a factor of 4875?
True
Is 382 a multiple of 2?
True
Is 29 a factor of 897?
False
Is 5 a factor of 1635?
True
Is 8075 a multiple of 85?
True
Does 55 divide 1174?
False
Is 28 a factor of 338?
False
Is 840 a multiple of 12?
True
Does 40 divide 7760?
True
Is 1891 a multiple of 34?
False
Does 35 divide 1260?
True
Is 377 a multiple of 3?
False
Is 21362 a multiple of 9?
False
Does 11 divide 2068?
True
Is 192 a multiple of 8?
True
Is 2 a factor of 39?
False
Does 16 divide 2160?
True
Is 8 a factor of 8016?
True
Is 151 a factor of 2445?
False
Does 9 divide 3519?
True
Is 452 a multiple of 20?
False
Is 3823 a multiple of 58?
False
Is 12 a multiple of 3?
True
Is 2490 a multiple of 30?
True
Does 3 divide 628?
False
Is 20 a factor of 649?
False
Does 7 divide 2205?
True
Is 81 a factor of 44507?
False
Is 3 a factor of 17?
False
Does 8 divide 888?
True
Is 2675 a multiple of 3?
False
Is 2660 a multiple of 20?
True
Is 9 a factor of 12699?
True
Does 2 divide 4355?
False
Does 14 divide 475?
False
Is 969 a multiple of 76?
False
Is 6 a factor of 2433?
False
Is 5 a factor of 2730?
True
Is 7440 a multiple of 24?
True
Is 20738 a multiple of 82?
False
Does 13 divide 1326?
True
Does 35 divide 4180?
False
Does 364 divide 43497?
False
Is 43 a factor of 4558?
True
Is 76939 a multiple of 11?
False
Does 43 divide 817?
True
Is 559 a multiple of 43?
True
Is 11 a factor of 14938?
True
Is 21 a factor of 818?
False
Is 59 a factor of 3146?
False
Is 26 a factor of 41?
False
Is 42546 a multiple of 42?
True
Does 43 divide 2293?
False
Does 72 divide 28232?
False
Does 10 divide 2397?
False
Does 171 divide 14877?
True
Is 28 a factor of 4256?
True
Does 34 divide 70074?
True
Is 91 a factor of 72299?
False
Does 53 divide 3518?
False
Is 33569 a multiple of 90?
False
Is 354 a multiple of 6?
True
Does 230 divide 9171?
False
Is 1044 a multiple of 36?
True
Is 1764 a multiple of 49?
True
Is 6343 a multiple of 18?
False
Does 34 divide 53907?
False
Is 420 a multiple of 14?
True
Is 2808 a multiple of 54?
True
Does 11 divide 242?
True
Does 51 divide 21888?
False
Does 49 divide 1894?
False
Is 31 a factor of 496?
True
Is 1388 a multiple of 10?
False
Is 8 a factor of 2128?
True
Is 10580 a multiple of 10?
True
Is 24633 a multiple of 7?
True
Is 12 a factor of 1380?
True
Is 17 a factor of 6364?
False
Is 1776 a multiple of 48?
True
Is 3760 a multiple of 47?
True
Is 8731 a multiple of 8?
False
Is 4 a factor of 16875?
False
Is 133 a multiple of 4?
False
Does 3 divide 5514?
True
Is 13 a factor of 10257?
True
Is 247 a multiple of 19?
True
Does 2 divide 4645?
False
Does 24 divide 2111?
False
Is 25 a factor of 759?
False
Does 10 divide 1030?
True
Is 1802 a multiple of 34?
True
Is 8 a factor of 2602?
False
Does 16 divide 9113?
False
Is 74 a factor of 1478?
False
Does 14 divide 9590?
True
Does 49 divide 833?
True
Is 17 a factor of 5746?
True
Is 67 a factor of 402?
True
Does 28 divide 252?
True
Is 13 a factor of 2177?
False
Does 58 divide 3712?
True
Is 24 a factor of 32?
False
Does 12 divide 528?
True
Is 358 a factor of 23471?
False
Is 19 a factor of 188?
False
Is 22 a factor of 1694?
True
Is 660 a multiple of 22?
True
Is 59 a factor of 8029?
False
Is 1603 a multiple of 92?
False
Is 33 a factor of 13629?
True
Does 131 divide 60080?
False
Is 417 a multiple of 2?
False
Is 89 a factor of 11748?
True
Is 26516 a multiple of 28?
True
Does 21 divide 6831?
False
Is 1041 a multiple of 7?
False
Is 214 a factor of 2890?
False
Is 4161 a multiple of 34?
False
Is 4874 a multiple of 43?
False
Does 33 divide 231?
True
Is 848 a multiple of 30?
